u(l) = l + 10. Let m be u(v). Calculate the greatest common divisor of o and m.
2
Suppose 2*k = 2*q, -k + 24 = 5*q + 2*k. Calculate the greatest common factor of 21 and q.
3
Suppose -2*l = 2*l. Let d be 0/(l + (-2)/1). Suppose -2*w + 11 = -4*s - 1, w - 5*s = d. Calculate the greatest common factor of 5 and w.
5
Let s = 16 - 15. Suppose -4*j + h + s = 0, 2*h - 17 = -2*j - 3*h. What is the greatest common factor of 3 and j?
1
Let q be 5/25 - (-2)/(-10). Let n(m) = -m**3 + 0*m**2 + 2*m**3 + m**2 - m + 96. Let x be n(q). Calculate the greatest common factor of 12 and x.
12
Let q = -27 - -1. Let j be 1086/39 - 4/q. Calculate the greatest common factor of 7 and j.
7
Suppose -i = 5*w + i - 3225, 5*i - 1290 = -2*w. Let r be w/10 - (-2)/4. Calculate the greatest common divisor of 13 and r.
13
Suppose -2*s + 2*b = -12, 0*b - b = -5*s + 22. Let u = -95 - -101. Calculate the greatest common divisor of u and s.
2
Let j be 37 + 2 + 9/3. Calculate the highest common factor of 14 and j.
14
Let f(s) = -14*s**3 + 2*s**2 - s - 2. Let y be f(-1). What is the highest common divisor of 5 and y?
5
Suppose n - 1 + 2 = 0. Let h be (29 - -1)/(n/(-1)). Let l be 11 - (-1 - -2 - 0). Calculate the greatest common factor of l and h.
10
Let h(p) be the second derivative of 2*p**3/3 + p. Let k be h(3). What is the greatest common factor of k and 108?
12
Let x(r) = r**2 + 3*r - 4. Let y be x(3). Let p(c) = -c**3 + c**2 + 6*c + 6. Let m be p(-5). Calculate the highest common factor of m and y.
14
Let d be ((-8)/10)/((-4)/(-10)). Let b be 8/6*(-21)/d. What is the highest common divisor of b and 112?
14
Let u(j) = 9*j**3 - j. Let t be u(1). Calculate the greatest common factor of 40 and t.
8
Let r = 0 - 5. Let x(b) = b**3 + 6*b**2 + 8*b + 5. Let f be x(r). Let v = f - -14. Calculate the highest common divisor of 6 and v.
2
Let k(h) = -6*h**3 - 2*h**2 - h. Let q(i) = -i + 7. Let l be q(8). Let r be k(l). Calculate the highest common factor of 10 and r.
5
Let v be (-11)/(((-15)/(-3))/(-5)). Let b = 26 + -15. Calculate the highest common factor of v and b.
11
Let m be 8/(5*(-1)/(-25)). Calculate the highest common divisor of m and 2.
2
Suppose 5*q + 0*q = 720. Let o(a) = a**3 + 5*a**2 + 5*a + 6. Let d be o(-4). Suppose -d*u - 11 = -47. What is the highest common factor of u and q?
18
Suppose 0 = 6*s - 5*s - 6. Suppose -s*r + r = -30. Calculate the greatest common divisor of 15 and r.
3
Suppose 4*t - 64 = g - 11, -3*t = -5*g - 61. Let j = -9 + t. Let d = 48 - 24. What is the highest common factor of d and j?
3
Suppose 0 = 3*n + 4*p - 12, -p = -n - 3 - 0. Let d be n + 9*(-4)/(-6). Calculate the highest common divisor of 18 and d.
6
Let x be 37 + (4 - 2) - -1. Let u be -1*(-2 + 1) - -6. Suppose -4*t + 4*h + 24 = 0, 0 = -5*t + 3*h + 27 + u. Calculate the highest common factor of x and t.
8
Let r = 39 + -32. What is the highest common divisor of r and 49?
7
Let s(i) = 3*i - 24. Let x be s(10). What is the highest common divisor of x and 66?
6
Suppose 7 = 4*k - 1, -r + 2*k = -36. What is the highest common factor of r and 5?
5
Let y(x) = -4*x + 0 + 4 - 3*x - 10 + 2*x**2. Let m be y(8). Let a be ((-6)/(-7))/((-3)/(-21)). What is the highest common factor of a and m?
6
Suppose 3*k + 71 = 4*k. Suppose -2*p + k - 15 = 0. What is the highest common divisor of 14 and p?
14
Suppose 10 = -5*n, 2*d + d - 92 = 4*n. What is the greatest common factor of d and 4?
4
Suppose 0*u + 5*u = 135. Calculate the greatest common factor of u and 63.
9
Suppose 8 = 4*g, -4*x = -g - 76 - 170. Calculate the greatest common factor of x and 93.
31
Suppose 0 = 3*l - 69. Calculate the highest common divisor of 115 and l.
23
Let v = 30 - 18. Calculate the greatest common divisor of v and 12.
12
Suppose -2*x = -4*x + 40. Suppose 114 = 5*q - 36. What is the greatest common factor of q and x?
10
Let u = 4 + -4. Let g be (-2)/((-4)/(-142) - u). Let x = g - -101. Calculate the highest common factor of x and 15.
15
Let f = -21 - -9. Let s(j) = -j**2 - 11*j + 13. Let g be s(f). What is the highest common divisor of g and 8?
1
Suppose b - 106 = 90. Suppose -11*a = -7*a - b. What is the greatest common factor of 7 and a?
7
Suppose -q - 23 + 59 = 5*v, -5*q = -v - 50. Suppose -37 = -3*t + q. Let c be (2 + t/(-14))*7. What is the highest common divisor of c and 12?
6
Let i = -5 - 0. Let v = i - -7. Suppose v*g - 2 = g. What is the highest common divisor of g and 16?
2
Let x be 11/1 - 0 - -4. Calculate the greatest common factor of x and 15.
15
Suppose -g - 1 = -9. Let l = 141 - 77. Calculate the highest common factor of g and l.
8
Suppose 2*u + 47 = 163. Let p = u + -29. Let s be p - 2 - (-3 - -6). What is the highest common divisor of 60 and s?
12
Suppose 4 = i + 5*r - 100, 199 = 2*i + r. Calculate the highest common divisor of i and 11.
11
Let j be 3 + 3 + (0 - -3). Suppose 189 - j = 4*l + 4*y, 5*y = -4*l + 177. Calculate the greatest common divisor of 12 and l.
12
Suppose 0 = 2*n - 3*d + 26, -n - 5*d + 9 = -d. Suppose s + 4 = -0*s. Let w = s - n. Calculate the greatest common divisor of w and 6.
3
Let x be 6*(2/(-1))/(-2). Let l = 124 + -122. Calculate the highest common factor of x and l.
2
Suppose -6*k - 256 = -14*k. Calculate the greatest common divisor of 256 and k.
32
Let k be (-2)/(-3)*(1 + 20). Calculate the highest common factor of k and 112.
14
Let u = -4 - -9. Let h = 10 - 5. Let a be h/2*(-4)/(-2). Calculate the highest common factor of a and u.
5
Suppose -2*m + 1 = -31. Calculate the greatest common divisor of m and 40.
8
Suppose 5*m - 20 = 0, 5*m + 188 + 65 = 3*y. What is the highest common divisor of 13 and y?
13
Let t be (-2)/(-7) + (-12)/(-7). Suppose -t*c = 2*c. Suppose -3*g = -4*m - 17, 4*g - 32 = -c*g - 4*m. Calculate the greatest common factor of 7 and g.
7
Let b be (-1)/2 - 750/(-4). Let f(a) = 6*a - 7. Let g be f(4). What is the greatest common factor of g and b?
17
Let w be ((-3)/6)/(3/(-12)). Suppose 3*o - 300 = -w*o. What is the greatest common factor of 12 and o?
12
Let b(s) = 2*s**2 + s + 3. Suppose -4*g = -7*g + 9. Let c be b(g). What is the greatest common divisor of c and 3?
3
Let w(o) = 4 + 5 - 36*o - 5. Let s be w(-3). Let t(d) = 4*d**2 + d. Let f be t(-2). Calculate the highest common divisor of f and s.
14
Suppose -3*u + 41 = -2*j + 230, -2*j + 194 = 2*u. Calculate the greatest common factor of j and 12.
12
Let w be 3/9 - 137*(-3)/9. Suppose -2*s = -275 + 45. What is the highest common factor of w and s?
23
Let p(s) = -s**2 + 10*s - 10. Let a be p(5). Calculate the greatest common factor of a and 60.
15
Let p = 54 - -81. Suppose -2*h = h + u - 44, -5*u - 65 = -4*h. What is the highest common divisor of h and p?
15
Let u(l) = l**3 + 14*l**2 + 24*l + 11. Let s be u(-10). Calculate the highest common factor of 9 and s.
9
Let f be (-4)/(0 - -2) + 337. Let n = f - 209. What is the greatest common factor of n and 14?
14
Suppose -5*g + 5 = s, 0*s + 10 = -2*s. Calculate the greatest common divisor of g and 3.
1
Suppose -2*x = -7 - 633. Suppose 12*a - x = 8*a. What is the greatest common divisor of 10 and a?
10
Let t = -35 + 39. Suppose 0 = -2*s - 2*n - 2*n + 32, -3*n = 0. Let v be 30/8 + 4/s. What is the greatest common divisor of v and t?
4
Let w be (-26 - 0)*2/(-4). What is the highest common factor of 13 and w?
13
Suppose 6*m = 4*m + 226. Suppose -10 = 2*w - 4*w. Suppose 0 = 4*r - w*z - 201, r - 5*z - m = -r. What is the greatest common divisor of 66 and r?
22
Let b be -2 + 2*(-2 + 3). Let n = 4 - b. What is the greatest common factor of 4 and n?
4
Let a(l) = -6*l + 2. Let v(g) = 5 + 4*g - 3 - 3*g. Let h be v(-4). Let d be a(h). What is the greatest common divisor of d and 21?
7
Let m = -9 - -12. Let u be 7 - 1/((-3)/m). Suppose 2*i - i - 24 = 0. What is the greatest common divisor of i and u?
8
Suppose 19 = -4*f - 21. Let q = 0 - f. What is the highest common factor of 2 and q?
2
Suppose 3*r - 744 = -4*k, -933 = -5*k - 0*k - 3*r. Calculate the highest common divisor of 21 and k.
21
Suppose 8*g - 2945 + 137 = 0. What is the highest common divisor of 27 and g?
27
Let h(n) = -2 + 2 - 11*n - 9 - 10*n**2 - 1 + n**3. Let l be h(11). Let o be 2/l + (-142)/(-10). Calculate the highest common divisor of 21 and o.
7
Suppose -u - 4*u + 15 = 0. Suppose -k = -u*k + x + 11, -4*k + 19 = -x. Let w be 4/(k/167)